te 7 + 7 + 5 + (14 - 13) + -5.
15
(-4 + (16 - 40) - (-3 - 7)) + 5 - 29
-42
Calculate (-2 - 2) + (-1 - 16) + (-82 - -40).
-63
Evaluate (-5 + (2 - 0) - (20 - 19)) + -18 + -3.
-25
What is the value of (99 - 22) + -70 + (-24 - (2 - 2))?
-17
(-2 - -6) + -1 + -31749 + 31768
22
1 + -9 - ((0 - (1 - (22 + 4))) + -7)
-26
What is (2 - -1) + -5 - 0 - (-55 + (-2 - -101))?
-46
What is 1 + 8 + (-555 - -523)?
-23
What is -5 + 2 - ((2 - -12) + (-5 - -20) + -19)?
-13
What is 79 + -20 - (50 + 47)?
-38
What is 4 - 64 - (82 + -119)?
-23
(-104 - -104) + 0 + -36
-36
What is the value of -10 + (110 + 2 - -10 - (22 + (1 - 13)))?
102
What is -31 + 119 + -3 - ((-2 - 15) + 1)?
101
What is the value of -101 + -10 + 5 + -7 + -22 + -10?
-145
50 + -97 + 69 + (-1 - -12)
33
What is the value of (48 - 33) + -60 - 19?
-64
What is -6 - (-13 + 9) - (-191 - -178)?
11
What is the value of (-2 - -6 - -6) + (53 - (-4 + 21)) + -4?
42
What is the value of -7 - -6 - (-12 - (-41 + 33 + (4 - -2)))?
9
What is the value of -12 + 12 + -8 - ((3 - 2) + -43 + -6)?
40
What is 36 + -60 + (1 - -1) + -3?
-25
Calculate (-18 - -11) + -4 + (-2 - 0) + (49 - 2).
34
-11 + -46 + 11 + -14 - -1
-59
What is the value of 55 + -18 + 32 + -3 - 5?
61
What is 10 + (-27 - (6 - 18 - 9))?
4
What is 49 - (80 - 14 - 54)?
37
Evaluate -14 + (2 - 14) + 17 - (-1 + 20).
-28
What is -6 + 0 + 9 + -4 + -7 - (73 + -29)?
-52
What is -89 + 31 + (91 - 28)?
5
Calculate 2 + 71 + 51 + (-36 - (44 + -41)).
85
Calculate -4 + -9 + -22 + 22 + 55.
42
Calculate 1 + -8 - (-22 - ((32 - 6) + -29 + -31)).
-19
What is 36 + (9 + -24 - -24 - ((3 - -2) + 12))?
28
Calculate (-51 - (0 - 2)) + -3 + 1 + 118 + -108.
-41
What is -3 + -81 + 72 + 13 + (11 - 0 - 0)?
12
Evaluate 201 - 198 - (6 + (-2 - -1) + -17).
15
Calculate (13 - 24 - 32) + 63.
20
What is the value of 3 - 0 - ((19 - 17) + 11) - -63?
53
What is 19 + (16 - 34) - (18 - 0)?
-17
Calculate -9 - 1 - (9 - (-1 - -14) - (-20 - -11)).
-15
0 + 66 + (1062 - 1074)
54
What is the value of (1 - 22) + (-23 + -33 - -46) + 13?
-18
-83 + (56 + 1 - -40)
14
Evaluate (-1976 - -2049) + 0 + -109.
-36
What is the value of -51 + 2 + -40 + 57?
-32
Evaluate -7 - ((26 - (-60 + 155)) + (-2 - 1)).
65
Calculate -30 - (8 + (11 - 9)) - (77 - 89).
-28
Evaluate (-13 - -15) + -33 + -3 - -29.
-5
Evaluate -1 + (18 - (4 + 3)) - (10 + 3).
-3
What is the value of -50 - (25 + -37 + 0)?
-38
Evaluate 31 + 16 + -85 + 9 + -33.
-62
-3 - 30 - (-2302 + 2330)
-61
Calculate -6 + (-3 - -7) + -3 - -8 - -11.
14
What is 41 + (-6 - (-154 + 2)) - 43?
144
Evaluate -23 - 20 - 5 - -52.
4
Calculate 15 - (-32 + 1 + 31 + (-6 - 0) + 73).
-52
Calculate -15 - (-7 + (0 - (4 - -1) - 7)).
4
(4 - 101) + (105 - 59)
-51
(0 - (-1 + 0)) + (-169 - (-45 + (-14 - -14)))
-123
Evaluate 52 - (25 - (-13 + 23 + 4)).
41
What is -1 + -8 + 17 + -23 + 22?
7
Calculate -14 + 3 + (-116 - -103) - -23 - -68.
67
109 - (-39 + 29 + 38)
81
86 - ((-1 + -14 - (-87 + 75)) + -8 + -1)
98
-87 + 9 - (-339 + 253)
8
What is -47 + (50 - -87) - 51?
39
Calculate -60 + (5 - (93 + -123)).
-25
Calculate (92 - 82) + (25 - 12) + -54.
-31
What is the value of -3 + (5 + -18 - (2 + -9 + -2))?
-7
-15 - ((12 - 9 - 6) + 15 + (-7 - 64))
44
What is the value of -2816 + 2782 + 18 + 7?
-9
What is (5748 - 5842) + (3 + 1 - 4) + -16?
-110
What is -25 - 52 - ((42 + -1 - 19) + -6 + -2)?
-91
What is the value of -24 - ((58 - 69) + 1 + 8)?
-22
Calculate -36 + (-5 + (-21 - (-33 - -22)) - -6).
-45
39 + (7 - -2) + -6 + 254 + -271
25
What is -116 + 39 + 91 + 104 + 0?
118
(-11 - ((-31 - 0) + (-402 - -413))) + -53
-44
Calculate 9 + -5 + 1 - 6 - (189 + -186).
-4
What is -49 + 77 + -12 + -24?
-8
What is (12 - (-1 + 0)) + (735 - 696) - 17?
35
-47 + (-3 + 20 + -42 - -14)
-58
What is the value of (-2 - -3 - 7) + (-837 - -845)?
2
Evaluate (-3 + -83 - 9) + 138.
43
What is the value of (0 - 21) + 110 + -26?
63
Calculate -65 + (8 - (-9 - (2 + 3) - -9 - -11)).
-63
Evaluate (-34 - -7 - 7) + (105 - 98).
-27
-4 - (22 + (8 - (5 + 6))) - -11
-12
What is 46 + -2 - (7319 + -7292)?
17
-30 + (-9 - -63) + -39
-15
Evaluate (22 - -29) + (68 - 81).
38
172 + -28 - (34 - -60)
50
What is the value of -35 - -14 - -30 - (-1 + -5 + 9)?
6
What is 5625 - 5655 - (33 - (0 + -3))?
-66
(-3 + 4 - (-1 + 6)) + 6 + -20 + 0
-18
Calculate 62 + (-146 - -91) + (0 + 1 - 1 - 5).
2
Evaluate -895 - -840 - (30 - -7 - -2).
-94
What is the value of 16 + (0 - 24) + (-26 - 5 - 2)?
-41
1 + 110 + (-10600 - -10564)
75
What is the value of (57 - (92 - 22)) + (-1 + 1 - 4 - 62)?
-79
What is -8 + -27 + -6 + 14 + (0 + -1 - -1)?
-27
What is the value of (-73 - (-40 + -22)) + (0 + -2 - -2) + -2?
-13
-22 - (0 + (-8 - -2 - 6))
-10
Calculate (23 - (-2 + 4 + -2)) + 16 + -50 + 33.
22
What is (19 - 15) + 12 + -9 + 18?
25
37 + -38 + 75 + -198
-124
-5 - 3 - (2 - (-8 - (6 + 15)))
-39
What is -11 + (-43 - (-15 - -6))?
-45
What is 41 - (-20 - -45 - 10)?
26
What is (-7 - (5 + 21 - 28)) + 1 + -14?
-18
What is -13 + -9 - (22 - (37 - 7))?
-14
-4 + -31 - (568 - 628)
25
What is the value of -1 + -76 - (224 + -124 - 115)?
-62
What is (-19 - 21) + -8 + 4 + 0 + 9?
-35
What is -131 + (10 + 1 + 4 - -21)?
-95
Evaluate -132 + 1 + (-20 - (-29 + 60 + -33)).
-149
Evaluate -27 - -62 - 34 - 2.
-1
Evaluate -22 + 7 - (82 + -101).
4
Calculate 31 + -13 + -6 - 16 - -8 - 9.
-5
45 - 38 - 17 - (3 - (8 + 7))
2
What is the value of 0 + (-40 + -1 - 0) + (999 - 463) + -525?
-30
What is the value of -10 + 7 - 1 - (85 + -153) - -17?
81
Calculate (-48 - -50 - (24 - (8 + 2))) + (0 - 8).
-20
Calculate (1 - 17) + 324 + -239 - (1 + -19).
87
Calculate -29 + 4 + (-23 - -12) + -9.
-45
Evaluate (4 - 2) + -76 - (0 - 0) - (-590 - -600).
-84
What is -51 - -1 - (13781 - 13962)?
131
-29 + -2 + (-110 - -40)
-101
Evaluate -22 + (-5 - (2 - (3 + 12))) + -44.
-58
What is 27 + (2 + 18 - 1 - (-1287 + 1321))?
12
(-15 - -48) + -24 + -46
-37
Calculate 16 - (2 - 1) - (-19 + -22 + 24 + -8).
40
Evaluate 16 - (-54 - (61 + -35 - 43)).
53
What is the value of 97 - (41 + 151) - -232?
137
What is 2 + 25 - (-71 - -54 - -27)?
17
Calculate 16 + -37 + (8 - (-50 - 34)).
71
What is 16 - (8 - -23 - 31) - 56?
-40
What is the value of 730 - 738 - (37 - 1)?
-44
Evaluate 9 - ((-105 - -2) + 167 + -187 + (14 - 0)).
118
Evaluate 23 - 42 - 28 - (-1 + 4).
-50
What is -10 + 0 - (11 + -12) - (-35 + 24)?
2
Calculate -17 - (4 - -80) - -181.
80
What is -28 + -25 + 65 - (112 - (7 - (-2 - -6)))?
-97
What is -111 - (-5 + (-6 - -5) + 22 + -14 - 17)?
-96
(-138 - -134) + (-12 + 14 - (-49 - 0))
47
What is -64 + 75 + (-5 - 42)?
-36
Evaluate -2 + -14 + 1 + 20 + (-1 + -2 - 96).
-94
Evaluate 60 + (-12 - 52) - -122.
118
2 - (-17 + 57) - -37
-1
(3 + 14 - (-11 - (18 + -40))) + -36
-30
47 - (2 + (-2 - (-21 - 4)))
22
Evaluate (-12 - (0 + -6)) + 32 + (-6 - 0).
20
(0 + -10 - -51) + (-15 - (6 + -8))
28
-7 + (23 - -6) + 22 + -87
-43
109 + -259 + 148 + (1 - 59)
-60
Calculate 4 + 2 + -17 + 17 - (-13 + 74).
-55
270 - 336 - (0 + -122)
56
What is 10 + (-37 - -19 - -21) + 3?
16
Evaluate -3 + 7 + 4 + 5 + -145 + 133.
1
What is the value of 27 + 2 + 336 + -323?
42
(-14 - (1 - 28) - 14) + 40 + 0
39
Evaluate 125 - (108 - 6) - 8.
15
Calculate 195 + -75 + (4 - 20).
104
Calculate 18 + -35 + 3 + 150 + 3.
139
-76 + 9 + (18 - (5 - -7)) + -4
-65
What is the value of (23 - 6) + 26 - (-3 + 9)?
37
Evaluate 12 + 1 + (123 - 39) + -57.
40
Calculate 2 + -10 + 30 + -34 - -16.
4
(-17 - (34 + (-21 - -25))) + -1
-56
What is the value of 10 + 9 - 7 - 66 - -9?
-45
What is the value of -3 + -16 + 13 + -9 + 27?
12
What is 23 + (-6 - (-36 + 27 - 21))?
47
Evaluate 406 + -434 - (-18 + -1 + -3).
-6
16 - -12 - (-10 + 11 + (-2 - 0))
29
What is 11 + -2 + (14 - 37) + -5?
-19
Calculate 72 + -55 - (-7 - (99 + -14 - 12)).
97
Evaluate -35 - ((1 - 13) + (106 - 94)).
-35
88 - (194 + -73) - (-3 - 112)
82
Evaluate -22 - (1 - 25 - 0 - -22).
-20
What is the value of (6241 - 6196) + 10 + 0 + 0?
55
-84 + 133 - (-1 + -16 - -20)
46
(-96 - (-10 + 20) - 16) + -24 + 6
-140
What is 10 + 25 - (-25 - -7) - 12?
41
(22 - -7) + -24 - (0 + -1 - -24)
-18
Evaluate 4 + -5 + (4 - 6 - (389 + -520)).
128
Calculate -17 + 11 + (-4 - 13 - (-12 + 18)) + 0.
-29
What is the value of -114 + 15 + (-48 - -42)?
-105
What is 39 - (15 + -12 - -16) - -24?
44
Calculate 61 - -2 - (-1136 + 1179).
20
Evaluate 1045 + -1035 + (-10 - 9).
-9
-1 + -31 + (30 - (81 + -71 + 36)) - -14
-3